+ 35*a - 33*a + 65675. What are the prime factors of b?
23, 571
Let r = -67 + 111. Let i = -3650 - -3650. Suppose 6*o - 674 + r = i. What are the prime factors of o?
3, 5, 7
Suppose -m - 4 = 0, -11 = 3*f + 2*m + 15. Let y be (-1 + 6/10)*5. What are the prime factors of (-752)/f + y*1/6?
5
Let i(p) = -2*p + 4. Let k be i(0). Suppose k*r - 2376 = -3*u, r - 2*r + 611 = 5*u. What are the prime factors of r?
3, 197
Suppose -489221 = -117*d + 424081. List the prime factors of d.
2, 3, 1301
Let g = 269 + -152. Suppose 0 = -5*j + 5*d + 270, -j + g = j + d. Suppose -3*c = -j - 48. What are the prime factors of c?
5, 7
Let m = -563 + -210. Let a = m + 1155. What are the prime factors of a?
2, 191
Suppose 70*d - 1826429 = -649799. What are the prime factors of d?
3, 13, 431
List the prime factors of (4163/69)/(3/1107).
3, 41, 181
Let i = 15554 - 9215. List the prime factors of i.
3, 2113
Suppose 0*o - 5*o = -3*s + 3038, 5*s + 5*o - 4970 = 0. List the prime factors of s.
7, 11, 13
What are the prime factors of ((-70)/(-3))/(2/1131) - (10 - 15)?
2, 3, 5, 11
Let z = 1 + 2. Let s(g) be the second derivative of -g**4/12 + 7*g**3/6 + 2*g**2 - 427*g. List the prime factors of s(z).
2
Let a = -155 + 247. What are the prime factors of (4 + a/(-8))*(-120)/25?
2, 3
Suppose 0 = 3*g + 2*m - 599, 3*g - 6*g + 4*m = -575. Suppose 153 = 5*o - g. Let b = -4 + o. List the prime factors of b.
2, 3, 11
List the prime factors of (-2*5/(-2))/((-5)/(-592445)*35).
16927
What are the prime factors of (-1401368)/826*(-14)/4?
2, 2969
Suppose 31*d - 14567 = 27934. List the prime factors of d.
3, 457
Let w = -571 + -83. Let v = 1441 + w. What are the prime factors of v?
787
Let a be (-240)/(-36)*(1 - -158). Suppose -3*o + y = -464 - 183, -2*y = 5*o - a. What are the prime factors of o?
2, 107
Let v(i) = -779*i - 10. Let h be v(-2). Suppose -15*b = 3*b - h. List the prime factors of b.
2, 43
Suppose 16 = -4*s, -9*r - 1972 = -13*r - 5*s. Let n = r - -119. List the prime factors of n.
617
Suppose -3*y + 42 = 3*r, y - 2*y - 3*r = -14. Suppose y*v - 60 = 150. Suppose 1078 = -8*z + v*z. List the prime factors of z.
2, 7, 11
Let h(n) = n**3 + 19*n**2 - 48*n - 27. Let z be h(-21). Suppose -833 = -3*s - q - z, -4*s + 2*q + 992 = 0. What are the prime factors of s?
2, 3, 41
Suppose 7595 = 10*y + 25*y. Suppose y = i - 426. List the prime factors of i.
643
Suppose -h - 96 = 5*m - 4*h, 0 = 5*m + 3*h + 84. Suppose 3*a - 121 - 23 = 0. List the prime factors of (39*-1)/(m/a*1).
2, 13
Let w(c) = -c**3 - 26*c**2 + 2*c**2 + 11*c - 2 + 16*c**2. Let h be 1*3*10/(-3). List the prime factors of w(h).
2, 11
Let i = -68 + 115. Let r = 65 - i. Suppose -17*l - 29 = -r*l. List the prime factors of l.
29
Suppose -3*g = -9, -2*g + 0*g + 6 = 2*k. Suppose k = i + x - 159, -4*i + 786 = i + 2*x. List the prime factors of i.
2, 3, 13
Let n(w) = 28*w + 145. Let s be n(-5). Suppose -1708 = c - s*c. List the prime factors of c.
7, 61
Suppose 4*z - 11 = -5*d + 23, 0 = 5*z + 20. Suppose -3*q + o = -73, 62 = 2*q + 4*o - d. What are the prime factors of q?
2, 13
Let g(o) = -o**3 + 11*o**2 + 6*o - 13. Suppose 3*z - 29 = 2*b - 98, -3*z - 39 = -b. Suppose l + 2*l = b. What are the prime factors of g(l)?
3, 7
Suppose -6*s + 11*s - 100 = 0. What are the prime factors of ((-8812)/s - 11)/(4/(-10))?
1129
Let i(l) = 2*l**3 + 5*l**2 - l + 1. Let o(t) = t**3 + 2*t**2 + 1. Let u be (-6)/51 + (-66)/17. Let f(p) = u*i(p) + 9*o(p). What are the prime factors of f(4)?
53
Let h(u) = -u + 1. Let g(m) = 8*m - 18. Let a(p) = -2*g(p) - 14*h(p). Let x be a(12). What are the prime factors of 5/((-5)/(-73)) - 0/x?
73
Let l(x) = -19*x + 9. Let p be l(-5). Suppose -5*j = -1516 - p. Suppose -327 = -5*i + 2*m, -5*i + 6*m + j = 7*m. What are the prime factors of i?
5, 13
Let c = -236 - -241. Suppose 0 = c*u - 26*u + 5691. What are the prime factors of u?
271
Suppose -73 = 4*n - 93. Suppose -n*j = -15, -5*c + j + 1499 = 4*j. What are the prime factors of c?
2, 149
Let d(f) = 15*f**2 + 44*f + 1001. List the prime factors of d(-29).
2, 5, 617
Let t(w) = 3*w**2 + 5*w - 17. Let k be t(-7). Let g = k + -70. Suppose 0 = -d - 4*m + g, -3*d + 8*d + 5*m - 80 = 0. What are the prime factors of d?
13
Suppose 4*j + 3*n = 5647 + 6693, 2*n + 8 = 0. What are the prime factors of j?
2, 193
Suppose -74 - 6 = -4*f. List the prime factors of 391 + (f/(-12))/((-25)/60).
5, 79
Let a = -284 - -405. Suppose -a - 35 = -4*v. Let i = v - 12. What are the prime factors of i?
3
Let t = 47247 - 18902. What are the prime factors of t?
5, 5669
Let h = -44 + 40. Let x(w) = -w**3 - 4*w**2 + 2. Let a be x(h). Suppose -a*n - 3*n = 2*i - 137, 4*i = 3*n + 287. List the prime factors of i.
71
Suppose -15*b = -24*b - 17*b + 466102. List the prime factors of b.
7, 13, 197
Suppose 5*m - 2*t = 37510, 3*m - 5*t - 17764 = 4742. What are the prime factors of m?
2, 11, 31
Let d(k) = -2*k + 38. Let c be d(15). Suppose 0 = -4*p - 3*t + 1892, -5*p + c*p - 1419 = -3*t. What are the prime factors of p?
11, 43
Let c be (54/8)/(-9)*60. Let n = 41 + c. What are the prime factors of 32*(3 + 10/n)?
2
Suppose 0 = -69*t + 65*t + 12. Suppose -t*c = -v - 977, -2*c + 4*v = -394 - 254. List the prime factors of c.
2, 163
Suppose -67*p + 171863 = -40125. What are the prime factors of p?
2, 7, 113
Suppose -80*h + 12066 = -3854. What are the prime factors of h?
199
What are the prime factors of 4 + ((-1885)/(-20))/(12/1008)?
89
Let a = -637 + 3470. What are the prime factors of a?
2833
Suppose 21715 = 3*p - 4*z, -5*p = 3*z - 6*z - 36188. What are the prime factors of p?
7237
List the prime factors of 2932 + 27/((-189)/70).
2, 3, 487
Let j(f) = -115*f**3 + 2*f**2 - f + 2. Let k(u) = -230*u**3 + 5*u**2 - u + 4. Let a(v) = -5*j(v) + 2*k(v). List the prime factors of a(1).
2, 29
Suppose -t - 626 = -2647. Suppose -4*v + 2*d = -2042, 0 = 4*v + 3*d + 2*d - t. What are the prime factors of v?
509
Suppose -7*o + 191 - 65 = 0. Let n be ((-6)/9)/(15/o + -1). Suppose t - 2*q - q = 20, -89 = -n*t + 3*q. List the prime factors of t.
23
Suppose -4*o - 2*b - 21 = o, -3*b - 19 = 5*o. Let l(c) = -15*c + 16. What are the prime factors of l(o)?
7, 13
Let h(n) = -2*n + 12. Let d be h(5). Let v be ((-32)/6)/(-2*(-4)/(-288)). Suppose d*s - 102 = -4*p, -3*s = s + 2*p - v. What are the prime factors of s?
47
Let o be (-100)/40*(-16)/(-20). Suppose 4*d + 2*v = 0, -3 + 1 = -4*d - 3*v. What are the prime factors of (-21)/(-2 + d - o)?
3, 7
List the prime factors of (5 - -178)/((-450)/160 + 3).
2, 61
Let w(q) = 3*q**2 - 12*q - 5. Let f(h) = -7*h**2 + 22*h + 9. Let a(o) = -4*f(o) - 7*w(o). What are the prime factors of a(3)?
2, 5
Let f = -4584 + 7427. Let r = f + -1828. List the prime factors of r.
5, 7, 29
What are the prime factors of (-29757117)/(-1304) + 42/80 + 4/(-10)?
2, 5, 7, 163
Suppose -10*i = -14*i + k - 10, -5*k = -4*i - 18. What are the prime factors of (5 - (i + -2)/(-4)) + 275?
3, 31
What are the prime factors of 5 - (-13)/(-39)*-18951?
2, 29, 109
What are the prime factors of (-11 - (-32)/40)*-1985?
3, 17, 397
Let s(c) = -c**3 - 3*c + 7012. What are the prime factors of s(0)?
2, 1753
Let j be -9 + 6 + 3 + 0. Suppose 5*d - 2*y = -j*y + 5559, -5*d + 5549 = 3*y. List the prime factors of d.
11, 101
Let f be (3732/60)/((-1)/(-5)). Suppose i - 5*w - f = 0, i - 319 = -3*w + 4*w. What are the prime factors of i?
3, 107
Suppose -8*g = 75 + 421. Let m = -42 - g. Let x(j) = 4*j - 6. List the prime factors of x(m).
2, 37
Let f(m) = 54 + 13*m**2 - 14*m**2 + 0*m**3 + 34*m + 23*m**2 - m**3. List the prime factors of f(23).
307
Suppose -4*i + 142 = -r + 41, 213 = -2*r - 3*i. Let p = -97 + 286. Let b = r + p. What are the prime factors of b?
2, 3, 7
Suppose 2*f - 1773 - 33639 - 14986 = 0. List the prime factors of f.
113, 223
Let l(o) = 2*o + 2. Let x be l(10). Let h(u) = -u + 6. Let a be h(8). Let r = x + a. What are the prime factors of r?
2, 5
Suppose -2*s + 5 = d, -5*s + 5*d + 15 - 40 = 0. Let y be 466/8 - (s + 1/4). Suppose 4*n - 590 = y. What are the prime factors of n?
2, 3
Let b = 10770 + -6940. What are the prime factors of b?
2, 5, 383
Let i(j) = 44*j - 34. Let a be i(4). Suppose a + 542 = 4*y. Let s = y + -95. What are the prime factors of s?
2, 19
Let b = -4092 + 8448. What are the prime factors of b?
2, 3, 11
Let s(j) = -118*j +